?
False
Suppose -2*o + 4*x - 100 = -20, -5*o - 224 = -2*x. Let a = -41 - o. Suppose 0*i = a*i - 215. Is i prime?
True
Let n(y) = -47*y**2 - 40. Let a(d) = -48*d**2 - 41. Let x(z) = 3*a(z) - 4*n(z). Is x(5) a composite number?
True
Suppose -2*h = 4*f + 10, -10*h + 7*h + 4*f = -25. Suppose 0*c + j - 3908 = -2*c, 0 = 3*c + 4*j - 5862. Is (c/h)/((-18)/(-27)) prime?
True
Let d = 91 - 52. Let s(t) = 2*t - d - 19*t + 17. Is s(-7) prime?
True
Let a be ((1*1324)/4)/((-3)/21). Let f = a + 1608. Is f/(-2)*9/((-36)/(-8)) composite?
False
Let r = -111 + 106. Let z be r/10 - (-14332)/8. Suppose -699 = -6*g + z. Is g a composite number?
True
Suppose -4*s - 2755 = -5*b, s = -b + 269 + 291. Let r(g) = -14*g**3 - 3*g**2 - 2*g - 2. Let p be r(-4). Let u = p - b. Is u prime?
False
Suppose 5*r - 2*a - 1128135 = 0, 5*a = -3*r - 10*r + 2933202. Is r composite?
False
Is ((-2017301)/6 - -1 - -2)/(96/(-576)) a prime number?
True
Let r = -548 - -448. Is (r/40)/(10/(-5636)) composite?
False
Let y = -81506 + 159135. Is y a composite number?
True
Suppose -47*s - 25441 = -h - 43*s, -101713 = -4*h - s. Is h composite?
True
Let u(a) = 13*a**3 - 3*a**2 + a - 2. Let v be u(-3). Let j = 900 + v. Is j composite?
True
Suppose -14*h - 4167 + 12595 = 0. Suppose 32*u = 34*u - h. Is u a prime number?
False
Let i(h) = 15*h**2 + 7*h + 2. Let g(n) = 14*n**2 + 6*n + 1. Let p(j) = -4*g(j) + 3*i(j). Let t be p(1). Is ((-223)/2)/(6/t) a prime number?
True
Let r = -24 + 24. Suppose r*t = -5*t + 5*w - 5, 5*t - 40 = -4*w. Let j(h) = 432*h + 7. Is j(t) a composite number?
True
Suppose -7835 = -7*c + 2*c. Let z = c + 30. Is z a prime number?
True
Let j(a) = -141*a**3 - 5*a - 1. Suppose -6*t - 6 - 6 = 0. Let o be j(t). Suppose 0 = x - 5*v - 407, 4*x - o = -3*v + 491. Is x composite?
True
Suppose -1249 = -3*q + 77. Suppose -2*o = -4*p - 72, 3*p - 59 + 183 = 4*o. Suppose -o*b = -30*b + q. Is b a prime number?
False
Suppose 6*s - 36144 = -3*s. Let o = s + -73. Is o composite?
False
Suppose -4*y + m + 1042 = 0, -786 = -3*y + 2*m + m. Suppose -x + 2965 = y. Is x a composite number?
True
Suppose 0*c - 10 = -5*c. Suppose 3*w - 4*d = -c*w + 2135, -5*d - 2140 = -5*w. Let j = -238 + w. Is j prime?
False
Let w = -302918 + 868887. Is w composite?
True
Let r = 4929 + -1805. Let a = r + 6463. Is a a composite number?
False
Let k(p) = 30*p + 34. Let c be k(-1). Is c*((-5625)/(-54) - 4/(-3)) prime?
False
Let k(p) = -53*p**2 - 8*p - 30. Let l(t) = -107*t**2 - 16*t - 59. Let m(a) = -5*k(a) + 2*l(a). Is m(-11) prime?
False
Let o = -311 + 347. Suppose o*g - 26*g = 23330. Is g a prime number?
True
Let c = 246753 - 143854. Is c a prime number?
False
Let j(s) = -8554*s - 407. Is j(-9) a prime number?
True
Let g(w) = w**2 + 4. Let p be g(3). Let v(m) = 9*m - 11. Let y be v(2). Suppose 0 = -y*c + p*c - 636. Is c prime?
False
Is (45/6)/(14*(-90)/(-391841352)) a composite number?
True
Let v(u) = -5*u**3 + 13*u**2 + u - 148. Is v(-11) composite?
False
Suppose 0 = 2*g + 90 - 18928. Let f = 11754 + g. Suppose -53606 = -19*z - f. Is z a prime number?
False
Suppose 1763 = 3*j - 5*a + 207, 3*j + 2*a = 1591. Let o = j + 1388. Is o composite?
True
Let s(t) = -298*t**3 + 3*t**2 - 14*t - 23. Let q = 992 + -996. Is s(q) a composite number?
True
Suppose 4*i + 2081665 = 5*o, 131*o - i - 1665332 = 127*o. Is o composite?
False
Suppose 26*r - 8*r = 19*r - 4138. Is r composite?
True
Suppose 23*p - 13230237 = 5994704 + 12133926. Is p composite?
False
Let h = -86205 + 134506. Is h a composite number?
True
Let q(x) = -2792*x + 92. Let l be q(-8). Suppose o = 4*p - 3*o - l, 0 = -4*p - 3*o + 22400. Is p a composite number?
True
Suppose 0 = r - 3*h - 131892, -r - 97*h = -99*h - 131897. Is r composite?
True
Let k(p) = 61*p - 9. Let n be k(3). Suppose 2*a - 7 = -1. Suppose 195 = a*y - n. Is y prime?
False
Suppose 366 = 3*n - 4*p - 7909, 2*n - 2*p - 5516 = 0. Suppose 0 = -x - 76 + n. Is x a prime number?
False
Let h = -4008 + 6577. Let l(w) = 262*w + 6. Let d be l(5). Let q = h - d. Is q composite?
True
Let k = 135052 + 18389. Suppose -41*y - k = -50*y. Is y a composite number?
True
Let q = 236 - 229. Suppose 3*u + 20212 = q*u. Is u a prime number?
False
Let x(n) = 13525*n**2 - 5*n - 2. Let h be x(-2). Suppose 0 = -21*z + 12*z + h. Suppose 9025 = 3*l - 2*j - 2*j, 0 = -2*l + 5*j + z. Is l prime?
True
Let j = 151504 - 43547. Is j composite?
True
Let s(c) = 13*c - 133. Let j be s(11). Suppose -2*i = 2*d - 93076, 8*i + 93051 = j*i - 3*d. Is i a prime number?
False
Suppose 0 = -8*a + 26*a - 18. Is -3644*((-6)/16 + a/8) prime?
True
Let c(s) be the second derivative of 29*s**4 + s**3/6 - s**2 + 16*s. Let g be c(1). Suppose g = -4*o + 3895. Is o prime?
True
Suppose -5*s + 4*s + 3116 = 0. Suppose -3*l + 238 + s = -4*x, 2*x = -3*l + 3336. Let w = l - 635. Is w a composite number?
False
Suppose -p + 5*d = p - 28, 0 = 3*p + 3*d. Let r(x) = -4*x + 158. Let c be r(39). Suppose 0 = -c*b - 6*f + 2*f + 1362, -p*b + 2760 = -f. Is b prime?
False
Let k = -5060 - -2139. Let s = k - -5016. Suppose 0 = 3*r + 2*r - s. Is r a prime number?
True
Suppose 5*v = 3*p - 97179, 236801 = 5*p + 4*v + 74799. Suppose 9*j - p = 45488. Is j prime?
False
Let r(p) = -7*p + 2. Let u be r(3). Let d be (3/(-7))/(u/133). Suppose 0 = 7*k - d*k - 5924. Is k a composite number?
False
Suppose 2*l + 3*n = 503465, 18*l = 23*l - 4*n - 1258697. Is l a prime number?
True
Let c = 1246 + -763. Let m = 2036 - c. Is m composite?
False
Let a be (-19)/(-38)*(3627 + -5). Let b be (-81)/4*(-192)/(-4). Let g = a + b. Is g composite?
False
Let s(a) = 2*a + 5. Let o(q) = -2*q - 6. Suppose -3*x - 9 - 3 = 4*l, -3*l - 14 = x. Let n(i) = l*o(i) - 5*s(i). Is n(4) a prime number?
True
Suppose -20 = 6*l - 2*l, 3*i = 2*l + 13. Suppose i = x, 4*x = b - 0*x - 4590. Is b composite?
True
Suppose -14*p = -13*p - 12. Let q = 95253 - 66606. Suppose 3*y = p*y - q. Is y prime?
False
Let t be (14 - 2)/(-4)*-2. Suppose 5*r + 2509 = t*r + 2*q, 3*r - 7506 = q. Is r composite?
False
Suppose 7382 = p + r + 2250, 0 = -5*p - r + 25648. Suppose -4*t + 0*t - 10260 = -4*c, -3*t = -2*c + p. Is (-4 - -7) + c + -1 + 1 prime?
False
Is (-20)/5 + (3 - -7439) composite?
True
Let w = -11 + 231. Let t be ((-6)/8)/((-5)/w). Is 14811/t - (-6)/33 a prime number?
True
Suppose 2*x + 0 = -4. Let f be 160/(10 + -2)*(-1)/x. Let b(u) = 202*u + 31. Is b(f) prime?
False
Suppose 0 = -3*x - q + 290667, 2*x - 4*q - 61025 - 132725 = 0. Is x composite?
True
Suppose 0 = 76*r - 78*r + 38. Let w(v) = -v**2 + 66*v - 16. Is w(r) a composite number?
False
Suppose -12*u - 86*u + 8063370 = -8*u. Is u a prime number?
False
Let j(c) = -c**3 - 20*c**2 - 68*c - 79. Let m be j(-27). Suppose u + m = 3*l, 9*l - 10*l + 3*u + 2284 = 0. Is l composite?
False
Suppose 4*w - 5*z - 29 = 0, -3*z = -0*w + 5*w - 27. Let g(x) = -3*x + 1. Let s be g(1). Is (2402/(-2))/(s/w) a composite number?
True
Is (26917/7 - 5)*-4*(-42)/48 a prime number?
True
Suppose -6*d = -t - 2*d, 0 = -3*t - 3*d + 15. Is -11*433*t/(-22) a prime number?
False
Let d = -200881 + -6293. Is d/(-33) - (-3 + 0) a prime number?
False
Suppose 5*p - 18 = 2*x + 16, p - x - 8 = 0. Suppose -3*l - 4743 = p*l. Let v = l + 834. Is v composite?
False
Is 14*(-4)/8 - (-169971 - 3) a prime number?
False
Let d = 77 + -73. Let m be (2/5)/(14/2520). Suppose 2*n - 346 = -2*c + m, 5*n - 1047 = -d*c. Is n a composite number?
False
Suppose -5*z + 1843073 = -17*u + 20*u, -4*z + 3*u + 1474480 = 0. Is z prime?
False
Suppose -75*j = -118*j + 781181. Is j composite?
True
Suppose -38 = x - 2*x. Let q = 14 - x. Is (-8334)/q + (-2)/8 a prime number?
True
Suppose -31*n = -27*n - 18400. Suppose -5*m - 4*j + 11517 = 0, 2*m + 18*j - 13*j - n = 0. Is m prime?
False
Let l = 581 - 81. Is 20/(7 - 2) + l + 1 a composite number?
True
Let f(o) = -2*o**3 + 5*o**2 + 5*o + 6547. Let s(a) = -4*a**3 + 9*a**2 + 9*a + 13094. Let v(q) = -11*f(q) + 6*s(q). Is v(0) a prime number?
True
Suppose 3*y - 19464 = 2*s - 5*s, -4*y + 12970 = 2*s. Is s composite?
False
Suppose 0 = -5*l - 7*z + 3856063, -147*l - 2*z = -145*l - 1542430. Is l a composite number?
True
Let r be 3/6*(-14 - 2). Is (4*-1738)/r - 6 a prime number?
True
Suppose o = 3*h - 44, -16*h - 152 = 3*o - 15*h. Let q = -50 - o. Is q/4 - (-16538)/2 composite?
False
Let v be -1 + (-7)/((-42)/36). Let y be (-24414)/